 common divisor of t and 76.
19
Let k(z) = -2*z - 21. Let n(x) = 3*x + 43. Let l(h) = 5*k(h) + 3*n(h). Let f be l(0). What is the greatest common divisor of f and 12?
12
Let x = -84 - -186. Suppose 2*q - 3 = -3*m + 40, 0 = m + 5. Let s = q - 12. What is the greatest common divisor of x and s?
17
Let q(d) = -d**3 + 28*d**2 + 31*d - 16. Let u be q(29). Let t be 4/(-22) + (-1864)/(-88). What is the greatest common divisor of t and u?
21
Let k be (-14)/(-42) - 16/(-6). Suppose -k*y = 2 + 1, 3*f - 5*y + 1 = 0. Let u be (9 + -3)/(f/(-10)). What is the greatest common divisor of u and 90?
30
Suppose -2*h + 20 = 12. Suppose -4*z = -5*g - 319, h*g = 5*z + 7*g - 408. What is the greatest common factor of 27 and z?
27
Let w = -16 + 31. Let j(d) = 9*d + 10. Let c be j(8). Suppose 4*k - 363 = -5*l, -l - 2*k - 13 = -c. What is the greatest common factor of w and l?
15
Suppose -m - m - 4*s = -152, -356 = -5*m + 2*s. Suppose 0 = -4*b - 20 + 40. Suppose o = b*o - 32. What is the greatest common divisor of o and m?
8
Let r be 4*(-2)/(-24)*15. Suppose -3*m + r*q - 4*q = -29, 4*q = 3*m - 44. Calculate the highest common factor of 40 and m.
8
Suppose 0*k = -k + 99. Suppose -91 = -3*z + 4*b, b = -61*z + 60*z + 35. Calculate the highest common divisor of k and z.
33
Let b(t) = -t**3 + 7*t**2 - 3*t - 14. Let z be b(6). Let a be (-18)/z*100/(-10). Calculate the highest common divisor of 5 and a.
5
Let b(l) = -4*l**3 - 4*l**2 - 4*l - 7. Let x be b(-2). Calculate the greatest common divisor of 357 and x.
17
Let b = 64 - 34. Calculate the greatest common divisor of 80 and b.
10
Let h(t) = -4*t + 12. Let v(s) = -13*s + 36. Let u(x) = 7*h(x) - 2*v(x). Let k be u(-15). Calculate the greatest common divisor of 21 and k.
21
Let z(d) = -7*d + 14. Let q be z(1). What is the highest common divisor of 1988 and q?
7
Let o = -34 + 35. Let a be o/4 - 425/20. Let d = a + 25. Calculate the highest common factor of d and 20.
4
Suppose -5*z = 2*m - 185, 4*m - 5*z = 111 + 214. Calculate the greatest common factor of 765 and m.
85
Suppose -c - o - o + 4 = 0, c - 5*o - 4 = 0. Suppose c*p = -15 + 435. Calculate the highest common factor of p and 21.
21
Let f = -155 + 110. Let t be (-47)/(-3) - 15/f. What is the highest common divisor of 32 and t?
16
Let h be (4*3)/(-2)*-1. Suppose 5*u + u = 54. Suppose -5*b = -5*s - 174 + u, b + s = 27. Calculate the greatest common factor of h and b.
6
Let w = 21 - 39. Let n = 49 + w. Let z = n - -46. What is the highest common divisor of z and 11?
11
Suppose -u = -2*u + 1, -4*u + 84 = 5*t. Suppose 4*n - 4*w + 252 = 8*n, -3*w + 12 = 0. Let l = 99 - n. What is the greatest common divisor of l and t?
8
Let q(u) = u**2 - 8*u - 1. Let y be q(6). Let g be (-22)/10*(8 + y). Calculate the highest common factor of g and 22.
11
Let i = 11 - 5. Suppose 2*z + 0 = i. Suppose z*g - 8 = 13. Calculate the highest common divisor of g and 1.
1
Let c = 538 - 512. What is the greatest common factor of 13 and c?
13
Suppose 2*p + 11 = 4*b - 43, -b = 2*p - 21. Let n = -327 + 330. What is the highest common factor of n and b?
3
Let w = 32 - 32. Suppose 6*t - 224 + 56 = w. Calculate the highest common divisor of 14 and t.
14
Suppose 3*m + 27 = 4*y, 4*y + m - 12 - 27 = 0. Suppose -3*p = 9, -b = -5*b - 2*p + 86. Let s = b - y. Calculate the highest common factor of 126 and s.
14
Suppose -2*a = -6*a + 3*d + 88, 4*a = -5*d + 120. Let p(w) = w**2 - 27*w + 57. Let m be p(a). Calculate the highest common divisor of 28 and m.
7
Let r = 2435 - 1830. Calculate the highest common factor of 5 and r.
5
Suppose -3*r + 5*l = 8, -3*r + 5 = -5*r + 3*l. Let o be (r/(-2)*4)/2 + 7. Calculate the highest common divisor of o and 128.
8
Let d be ((-16)/(-5))/(8/180). Let z be (56/32)/(2/d). Suppose -2*g = 6*r - r - z, -r = g - 15. What is the greatest common factor of 11 and r?
11
Suppose 4*j + 4*c = 1812, 10*c - 9*c + 449 = j. Calculate the highest common divisor of j and 22.
11
Suppose 0 = -44*s + 1108 + 4040. Calculate the greatest common factor of 663 and s.
39
Suppose u - 15 = -1. What is the highest common factor of u and 182?
14
Let j(h) = -h**2 - 20*h - 23. Let v be j(-15). What is the greatest common factor of 78 and v?
26
Let r = 682 + -377. Let x = r - 138. Let t = x + -79. What is the highest common divisor of t and 8?
8
Let n = -62 - -68. Let g be (-66)/2*(-2 - (-8)/n). What is the highest common factor of g and 11?
11
Let c = 93 - 69. Let w = -13 + c. What is the greatest common divisor of 99 and w?
11
Suppose -27 = c - 49. Suppose -57*y + 59*y - c = 0. What is the highest common divisor of 143 and y?
11
Let s(f) = -f**2 + 8*f + 10. Let i be s(8). Calculate the greatest common divisor of 170 and i.
10
Suppose -53*s = -77*s + 3840. What is the greatest common factor of 128 and s?
32
Suppose -126 = 329*p - 335*p. What is the greatest common factor of p and 77?
7
Suppose -13*j - 89 = -1285. Calculate the highest common factor of 230 and j.
46
Suppose 16 = 5*d - d. Suppose 8*s - 18872 = d*s - o, 18868 = 4*s + 2*o. Let u be (2/(-6))/((-11)/s). What is the highest common divisor of 13 and u?
13
Let o(c) = -c**3 + 31*c**2 + 51*c + 16. Let j be o(32). Calculate the highest common divisor of j and 336.
48
Let b(u) = -5*u - 34. Let l(v) = 1. Let a(s) = -b(s) + 3*l(s). Let o be a(0). Calculate the greatest common factor of 185 and o.
37
Suppose -211 + 36 = 5*i. Let a be (-8314)/(-14) - 5/i. Calculate the highest common factor of a and 54.
54
Let i be 741/(-6)*(-9)/((-45)/(-20)). Calculate the greatest common factor of i and 38.
38
Suppose -32*f = -8*f - 134 - 418. Suppose r = -5*j + 920, 3*r = -4*j + 7*r + 736. Calculate the highest common factor of j and f.
23
Let j = -77 - -38. Let w = j + 75. Let o(z) = z**2 - z + 4. Let u be o(0). Calculate the greatest common divisor of u and w.
4
Let i(s) be the first derivative of -s**4/4 - 11*s**3/3 - s**2 + 13*s + 39. Let b be i(-11). Calculate the highest common divisor of b and 14.
7
Let y(u) = -u**3 - 15*u**2 + 54*u - 40. Let q be y(-19). What is the highest common factor of 42 and q?
42
Suppose 9*t - t - 32 = 0. Suppose 4*h + t*f = 84, 3*h + 5*f - 26 = 31. What is the highest common factor of 216 and h?
24
Let j = -222 + 126. Let a be ((-45)/(-4))/((-36)/j). Calculate the greatest common divisor of 15 and a.
15
Let h = 88 + -45. Suppose h = 4*w + 11. Let r(i) = i**3 + 3*i**2 - 6*i - 4. Let u be r(-4). Calculate the greatest common divisor of w and u.
4
Suppose 9 = 3*w - 0*w. Let l be 2 + 4 - 183/(-3). Suppose l + w = d. Calculate the greatest common divisor of d and 14.
14
Let g(n) = 7*n**2 + 10*n - 3. Let s be g(-3). Calculate the greatest common divisor of s and 480.
30
Suppose -5*d - 3*y = -2*y - 22, -16 = -5*d + 2*y. Let a be (-4)/(-2) + d + 2. Calculate the highest common divisor of a and 8.
8
Let a = -106 - -186. Let i(y) = 3 + 3*y - 1 + 3*y - 4. Let r be i(3). What is the greatest common factor of a and r?
16
Suppose 0 = -49*a + 53 + 1221. What is the greatest common divisor of a and 169?
13
Let c = 53 + 4. Let g = c - 7. What is the greatest common factor of g and 10?
10
Let c be 2/15 - (-19278)/1215. Calculate the greatest common factor of c and 272.
16
Let v(i) = -i**3 + 22*i**2 + 7*i - 46. Let r be v(22). Calculate the highest common factor of 54 and r.
54
Let y be (-18)/(-4)*128/48. What is the greatest common factor of 156 and y?
12
Let a = 1535 + -1532. Calculate the highest common factor of 339 and a.
3
Let s(d) = d**3 - 2*d**2 - 20*d + 16. Let c be ((-9)/3)/(-3) + 5. Let l be s(c). What is the highest common factor of l and 10?
10
Suppose -10*v + 16 = -6*v. Suppose 32 = 4*j - 4*w, w = -v*w + 15. Calculate the greatest common divisor of j and 77.
11
Suppose 3 - 6 = -w. Let x be 822/(-9) + 1/w. Let b = -55 - x. Calculate the highest common factor of 9 and b.
9
Suppose -4*n - 34 = -3*c + 36, 0 = c + 4*n - 2. Calculate the highest common factor of c and 1062.
18
Suppose 52 = 2*b + 12. Let n(a) = 2*a + 4*a + 0 + 1 - 5*a. Let i be n(4). What is the highest common factor of b and i?
5
Let h(k) = k + 15. Let v be h(6). Suppose -v*p = -17*p - 448. What is the greatest common factor of p and 48?
16
Let r(t) = t**2 + 4*t - 26. Let h be r(5). Calculate the greatest common divisor of h and 209.
19
Let p(g) = 34*g**2 + 60*g - 180. Let w be p(3). 